{"id":1408,"date":"2021-03-29T07:26:02","date_gmt":"2021-03-29T07:26:02","guid":{"rendered":"https:\/\/www.crm-open-source-software.com\/?page_id=1408"},"modified":"2021-04-26T14:04:56","modified_gmt":"2021-04-26T14:04:56","slug":"inventory","status":"publish","type":"page","link":"https:\/\/www.crm-open-source-software.com\/vtiger\/features\/inventory\/","title":{"rendered":"Vtiger "},"content":{"rendered":"\n<div class=\"wp-block-cgb-block-my-block container bordered\"><div class=\"container__inner\">\n<h2 class=\"wp-block-heading\">Beschreibung<\/h2>\n\n\n\n<p>Die Vtiger CRM Funktion Inventar dient zu <strong>Verwaltung der Produkte und Dienstleistung<\/strong>en und deren Umfeld.<\/p>\n\n\n\n<h2 class=\"wp-block-heading\">Nutzen<\/h2>\n\n\n\n<p>Unter dem Vtiger CRM Open Source Men\u00fcpunkt Inventar, stehen Ihnen eine Vielzahl von Modulen zu Verf\u00fcgung, die einen einfachen Prozess der <strong>Inventarverwaltung <\/strong>erm\u00f6glichen. Ob <strong>physikalisches Produkt<\/strong> oder <strong>Dienstleistung<\/strong>, beides kann vielfach angelegt oder importiert werden. Eine <strong>zentralisierte Erfassung<\/strong> der Produkte ist essentiell, damit Angebote, Rechnungen und co. miteinander verkn\u00fcpft werden k\u00f6nnen. <strong>Vereinfachte Fakturierung<\/strong> (ohne Buchung auf Konten) ist ebenfalls vorhanden, die Preislisten, Rechnungen, Auftragsbest\u00e4tigungen, Einkaufsbestellungen zu Verf\u00fcgung stellt. Eine Buchhaltung ist nicht vorhanden. Auch Lieferanten \/ Zulieferer werden ber\u00fccksichtigt.<\/p>\n\n\n\n<ul class=\"is--styled has--icon has--icon-check wp-block-list\"><li>Zentralisierte Verwaltung<\/li><li>Einfache Verkn\u00fcpfung mit anderen Funktionalit\u00e4ten<\/li><li>Vereinfache Fakturierung (ohne Buchung auf Konten)<\/li><li>Preislisten<\/li><li>\u00dcbersicht der Lieferanten (Zulieferer)<\/li><\/ul>\n<\/div><\/div>\n\n\n\n<h2 class=\"has-text-align-center wp-block-heading\">Vorteile \/ Nachteile<\/h2>\n\n\n<div class=\"\" data-block-title=\"\" id=\"\">\n    <div class=\"b-pro-con container\">\n    <div class=\"b-pro-con__inner\">\n      <div class=\"b-pro-con__col is--pro\">\n                  <div class=\"b-pro-con__item \">\n            <div>\n              <div class=\"b-pro-con__item-title\">\n                Inventar \u00dcbersicht \n              <\/div>\n              <div>\n                zentrale Datenspeicherung\n              <\/div>\n            <\/div>\n            <i class=\"fa fa-check\"><\/i>\n          <\/div>\n                  <div class=\"b-pro-con__item \">\n            <div>\n              <div class=\"b-pro-con__item-title\">\n                Preisliste bis Rechnung \n              <\/div>\n              <div>\n                Erstellung von eigenen Workflows\n              <\/div>\n            <\/div>\n            <i class=\"fa fa-check\"><\/i>\n          <\/div>\n                  <div class=\"b-pro-con__item \">\n            <div>\n              <div class=\"b-pro-con__item-title\">\n                Angebot bis zur Rechnung \n              <\/div>\n              <div>\n                erh\u00f6hte Effizienz mit Workflows\n              <\/div>\n            <\/div>\n            <i class=\"fa fa-check\"><\/i>\n          <\/div>\n              <\/div>\n      <div class=\"b-pro-con__col is--con\">\n                  <div class=\"b-pro-con__item\">\n            <div>\n              <div class=\"b-pro-con__item-title\">\n                Rudiment\u00e4r\n              <\/div>\n              <div>\n                nur vereinfachte Lagerverwaltung m\u00f6glich\n              <\/div>\n            <\/div>\n            <i class=\"fa fa-minus\"><\/i>\n          <\/div>\n              <\/div>\n    <\/div>\n  <\/div>\n\n<\/div>\n\n\n\n<div class=\"wp-block-cgb-block-my-block container\"><div class=\"container__inner\">\n<div class=\"wp-block-image\"><figure class=\"aligncenter size-large\"><img data-src=\"https:\/\/www.crm-open-source-software.com\/vtiger\/app\/uploads\/2021\/03\/teaer_module.svg\" alt=\"Vtiger Inventory Module in der \u00dcbersicht.\" class=\"wp-image-940 lazy\"\/><\/figure><\/div>\n\n\n\n<h2 class=\"has-text-align-center wp-block-heading\">Inventory Module<\/h2>\n\n\n\n<p class=\"has-text-align-center\">Mit den Vtiger Inventory Management Modulen werden alle essentiellen technischen Funktionalit\u00e4ten f\u00fcr diesen Unternehmensbereich vollumf\u00e4nglich bedient<\/p>\n\n\n\n<figure class=\"wp-block-table\"><table><thead><tr><th>Typ<\/th><th>Module<\/th><th>kurze Zusammenfassung<\/th><\/tr><\/thead><tbody><tr><td>Standard<\/td><td><a href=\"https:\/\/www.crm-open-source-software.com\/vtiger\/modules\/products\/\">Products (Produkte)<\/a><\/td><td>Produkte sind physikalische Gegenst\u00e4nde.<\/td><\/tr><tr><td>Standard<\/td><td><a href=\"https:\/\/www.crm-open-source-software.com\/vtiger\/modules\/services\/\">Services (Dienstleistungen)<\/a><\/td><td>Service Leistungen \/ Dienstleistungen wie Support, Wartungsvertr\u00e4ge etc. werden im CRM ebenfalls hinterlegt.<\/td><\/tr><tr><td>Standard<\/td><td><a href=\"https:\/\/www.crm-open-source-software.com\/vtiger\/modules\/price-books\/\">Price Books (Preislisten)<\/a><\/td><td>Ein B\u00fcndel von Produkten und\/oder Dienstleistungen.<\/td><\/tr><tr><td>Standard<\/td><td><a href=\"https:\/\/www.crm-open-source-software.com\/vtiger\/modules\/invoices\/\">Invoice (Rechnungen)<\/a><\/td><td>\u00dcbersicht aller relevanter Daten und Verkn\u00fcpfungen der Rechnungen.<\/td><\/tr><tr><td>Standard<\/td><td><a href=\"https:\/\/www.crm-open-source-software.com\/vtiger\/modules\/sales-orders\/\">Sales Order (Auftragsbest\u00e4tigung)<\/a><\/td><td>Angebotserstellung und Verwaltung.<\/td><\/tr><tr><td>Standard<\/td><td><a href=\"https:\/\/www.crm-open-source-software.com\/vtiger\/modules\/purchase-orders\/\">Purchase Order (Einkaufsbestellung)<\/a><\/td><td>\u00dcbersicht aller Bestellungen.<\/td><\/tr><tr><td>Standard<\/td><td><a href=\"https:\/\/www.crm-open-source-software.com\/vtiger\/modules\/vendors\/\">Vendors (Lieferanten)<\/a><\/td><td>Firmendaten mit Details zu Produkt- &amp; Einkaufsbestellungen.<\/td><\/tr><tr><td>Standard<\/td><td><a href=\"https:\/\/www.crm-open-source-software.com\/vtiger\/modules\/contacts\/\">Contacts (Kontakte)<\/a><\/td><td>Ein Kontakt entsteht aus einem Lead, sp\u00e4testens nach der Aufforderung eines Angebots \u2013 hierbei spricht man von einer Lead-Umwandlung.<\/td><\/tr><tr><td>Standard<\/td><td><a href=\"https:\/\/www.crm-open-source-software.com\/vtiger\/modules\/organizations\/\">Organisations (Firmen)<\/a><\/td><td>Eine Firma wird aus einem Lead angelegt, sp\u00e4testens nach der Aufforderung eines Angebots \u2013 hierbei spricht man von einer Lead-Umwandlung.<\/td><\/tr><\/tbody><\/table><\/figure>\n\n\n\n<div class=\"wp-block-buttons is-layout-flex wp-block-buttons-is-layout-flex\">\n<div class=\"wp-block-button\"><a class=\"wp-block-button__link has-white-color has-luminous-vivid-orange-background-color has-text-color has-background\" href=\"https:\/\/www.crm-open-source-software.com\/vtiger\/modules\/\">Vtiger Module<\/a><\/div>\n<\/div>\n\n\n\n<div class=\"wp-block-image is-style-default\"><figure class=\"aligncenter size-large\"><img data-src=\"https:\/\/www.crm-open-source-software.com\/vtiger\/app\/uploads\/2021\/03\/Teaser_extensions.svg\" alt=\"Vtiger Inventory Extensions im \u00dcberblick.\" class=\"wp-image-1191 lazy\"\/><\/figure><\/div>\n\n\n\n<h2 class=\"has-text-align-center wp-block-heading\"><strong>Inventory Extensions<\/strong><\/h2>\n\n\n\n<p class=\"has-text-align-center\">Mit den Inventory Extensions wird dieser Unternehmensbereich erweitert. Einen Auszug sehen Sie hier.<\/p>\n\n\n\n<figure class=\"wp-block-table\"><table><thead><tr><th>Typ<\/th><th>Extensions<\/th><th><strong>kurze Zusammenfassung<\/strong><\/th><\/tr><\/thead><tbody><tr><td>Premium<\/td><td><a href=\"https:\/\/www.crm-open-source-software.com\/vtiger\/extensions\/warehouses\/\">Warehouses<\/a><\/td><td>Ausgeweitete Lagerverwaltung f\u00fcr Produkte und Dienstleistungen.<\/td><\/tr><tr><td>Premium<\/td><td><a href=\"https:\/\/www.crm-open-source-software.com\/vtiger\/extensions\/delivery-notes\/\">Delivery Note<\/a><\/td><td>Erweiterung der Funktionalit\u00e4t Lieferschein im Auftrag- &amp; Rechnungsmodul.<\/td><\/tr><\/tbody><\/table><\/figure>\n\n\n\n<div class=\"wp-block-buttons is-layout-flex wp-block-buttons-is-layout-flex\">\n<div class=\"wp-block-button\"><a class=\"wp-block-button__link has-white-color has-luminous-vivid-orange-background-color has-text-color has-background\" href=\"https:\/\/www.crm-open-source-software.com\/vtiger\/extensions\/\">Vtiger Extensions<\/a><\/div>\n<\/div>\n<\/div><\/div>\n\n\n\n<div class=\"wp-block-cgb-container-wide container\"><div class=\"container__wide\"><\/div><\/div>\n\n\n\n<div class=\"wp-block-cgb-container-wide container\"><div class=\"container__wide\">\n<h2 class=\"wp-block-heading\">Screenshot<\/h2>\n\n\n\n<p>Ein guter \u00dcberblick des User Interface f\u00fcr die Inventar M\u00f6glichkeiten werden hier aufgezeigt.<\/p>\n\n\n<div class=\"\" data-block-title=\"\" id=\"\">\n    <div class=\"container\">\n\n    <div class=\"b-image-slider\">\n      <ul class=\"b-image-slider__tabs nav nav-tabs\" id=\"nav-tab\" role=\"tablist\">\n                  <li class=\"nav-item\" role=\"presentation\">\n            <a class=\"nav-link is--no-anchor active\" data-toggle=\"tab\"\n               href=\"#tab_preislisten\" role=\"tab\" aria-controls=\"#tab_preislisten\"\n               aria-selected=\"true\">Preislisten<\/a>\n          <\/li>\n                  <li class=\"nav-item\" role=\"presentation\">\n            <a class=\"nav-link is--no-anchor \" data-toggle=\"tab\"\n               href=\"#tab_rechnungen\" role=\"tab\" aria-controls=\"#tab_rechnungen\"\n               aria-selected=\"true\">Rechnungen<\/a>\n          <\/li>\n                  <li class=\"nav-item\" role=\"presentation\">\n            <a class=\"nav-link is--no-anchor \" data-toggle=\"tab\"\n               href=\"#tab_kundenauftraege\" role=\"tab\" aria-controls=\"#tab_kundenauftraege\"\n               aria-selected=\"true\">Kundenauftr\u00e4ge<\/a>\n          <\/li>\n                  <li class=\"nav-item\" role=\"presentation\">\n            <a class=\"nav-link is--no-anchor \" data-toggle=\"tab\"\n               href=\"#tab_kauforder\" role=\"tab\" aria-controls=\"#tab_kauforder\"\n               aria-selected=\"true\">Kauforder<\/a>\n          <\/li>\n              <\/ul>\n\n              <div class=\"b-image-slider__wrapper fade show active\" id=\"tab_preislisten\">\n          <div class=\"js-image-slider slick--overflowing\">\n                          <div class=\"b-image-slider__image\">\n                <img data-src=\"https:\/\/www.crm-open-source-software.com\/vtiger\/app\/uploads\/2021\/04\/vtiger-preislisten-oberflaeche-1.jpg\" alt=\"vtiger-preislisten-oberflaeche-1\" class=\"no-lazyload lazy\">\n                <div class=\"b-image-slider__caption\">\n                  \n                <\/div>\n              <\/div>\n                          <div class=\"b-image-slider__image\">\n                <img data-src=\"https:\/\/www.crm-open-source-software.com\/vtiger\/app\/uploads\/2021\/04\/vtiger-preislisten-detail-2.jpg\" alt=\"vtiger-preislisten-detail-2\" class=\"no-lazyload lazy\">\n                <div class=\"b-image-slider__caption\">\n                  \n                <\/div>\n              <\/div>\n                          <div class=\"b-image-slider__image\">\n                <img data-src=\"https:\/\/www.crm-open-source-software.com\/vtiger\/app\/uploads\/2021\/04\/vtiger-preislisten-detail-1.jpg\" alt=\"vtiger-preislisten-detail-1\" class=\"no-lazyload lazy\">\n                <div class=\"b-image-slider__caption\">\n                  \n                <\/div>\n              <\/div>\n                      <\/div>\n\n          <div class=\"b-image-slider__note\">\n            \n          <\/div>\n          <div class=\"slick-append-dots\"><\/div>\n        <\/div>\n\n              <div class=\"b-image-slider__wrapper fade \" id=\"tab_rechnungen\">\n          <div class=\"js-image-slider slick--overflowing\">\n                          <div class=\"b-image-slider__image\">\n                <img data-src=\"https:\/\/www.crm-open-source-software.com\/vtiger\/app\/uploads\/2021\/04\/vtiger-rechnungen-detail-1.jpg\" alt=\"vtiger-rechnungen-detail-1\" class=\"no-lazyload lazy\">\n                <div class=\"b-image-slider__caption\">\n                  \n                <\/div>\n              <\/div>\n                          <div class=\"b-image-slider__image\">\n                <img data-src=\"https:\/\/www.crm-open-source-software.com\/vtiger\/app\/uploads\/2021\/04\/vtiger-rechnungen-oberflaeche-1.jpg\" alt=\"vtiger-rechnungen-oberflaeche-1\" class=\"no-lazyload lazy\">\n                <div class=\"b-image-slider__caption\">\n                  \n                <\/div>\n              <\/div>\n                          <div class=\"b-image-slider__image\">\n                <img data-src=\"https:\/\/www.crm-open-source-software.com\/vtiger\/app\/uploads\/2021\/04\/vtiger-rechnungen-detail-2.jpg\" alt=\"vtiger-rechnungen-detail-2\" class=\"no-lazyload lazy\">\n                <div class=\"b-image-slider__caption\">\n                  \n                <\/div>\n              <\/div>\n                      <\/div>\n\n          <div class=\"b-image-slider__note\">\n            \n          <\/div>\n          <div class=\"slick-append-dots\"><\/div>\n        <\/div>\n\n              <div class=\"b-image-slider__wrapper fade \" id=\"tab_kundenauftraege\">\n          <div class=\"js-image-slider slick--overflowing\">\n                          <div class=\"b-image-slider__image\">\n                <img data-src=\"https:\/\/www.crm-open-source-software.com\/vtiger\/app\/uploads\/2021\/04\/vtiger-auftragsbestaetigungen-oberflaeche-1.jpg\" alt=\"vtiger-auftragsbestaetigungen-oberflaeche-1\" class=\"no-lazyload lazy\">\n                <div class=\"b-image-slider__caption\">\n                  \n                <\/div>\n              <\/div>\n                          <div class=\"b-image-slider__image\">\n                <img data-src=\"https:\/\/www.crm-open-source-software.com\/vtiger\/app\/uploads\/2021\/04\/vtiger-auftragsbestaetigungen-detail-1.jpg\" alt=\"vtiger-auftragsbestaetigungen-detail-1\" class=\"no-lazyload lazy\">\n                <div class=\"b-image-slider__caption\">\n                  \n                <\/div>\n              <\/div>\n                          <div class=\"b-image-slider__image\">\n                <img data-src=\"https:\/\/www.crm-open-source-software.com\/vtiger\/app\/uploads\/2021\/04\/vtiger-auftragsbestaetigungen-detail-2.jpg\" alt=\"vtiger-auftragsbestaetigungen-detail-2\" class=\"no-lazyload lazy\">\n                <div class=\"b-image-slider__caption\">\n                  \n                <\/div>\n              <\/div>\n                      <\/div>\n\n          <div class=\"b-image-slider__note\">\n            \n          <\/div>\n          <div class=\"slick-append-dots\"><\/div>\n        <\/div>\n\n              <div class=\"b-image-slider__wrapper fade \" id=\"tab_kauforder\">\n          <div class=\"js-image-slider slick--overflowing\">\n                          <div class=\"b-image-slider__image\">\n                <img data-src=\"https:\/\/www.crm-open-source-software.com\/vtiger\/app\/uploads\/2021\/04\/vtiger-einkaufsbestellungen-oberflaeche-1.jpg\" alt=\"vtiger-einkaufsbestellungen-oberflaeche-1\" class=\"no-lazyload lazy\">\n                <div class=\"b-image-slider__caption\">\n                  \n                <\/div>\n              <\/div>\n                          <div class=\"b-image-slider__image\">\n                <img data-src=\"https:\/\/www.crm-open-source-software.com\/vtiger\/app\/uploads\/2021\/04\/vtiger-einkaufsbestellungen-detail-2.jpg\" alt=\"vtiger-einkaufsbestellungen-detail-2\" class=\"no-lazyload lazy\">\n                <div class=\"b-image-slider__caption\">\n                  \n                <\/div>\n              <\/div>\n                          <div class=\"b-image-slider__image\">\n                <img data-src=\"https:\/\/www.crm-open-source-software.com\/vtiger\/app\/uploads\/2021\/04\/vtiger-einkaufsbestellungen-detail-1.jpg\" alt=\"vtiger-einkaufsbestellungen-detail-1\" class=\"no-lazyload lazy\">\n                <div class=\"b-image-slider__caption\">\n                  \n                <\/div>\n              <\/div>\n                      <\/div>\n\n          <div class=\"b-image-slider__note\">\n            \n          <\/div>\n          <div class=\"slick-append-dots\"><\/div>\n        <\/div>\n\n      \n\n    <\/div>\n  <\/div>\n\n<\/div>\n<\/div><\/div>\n\n\n<div class=\"\" data-block-title=\"\" id=\"\">\n  <div class=\"b-reload-button js-reload-button-content\">\n\n          <div class=\"container js-reload-button-remove\">\n                  <div>\n            Klicken Sie auf den Button um zu erfahren, warum die Brainformatik GmbH genau der richtige deutschsprachiger Ansprechpartner f\u00fcr Sie ist!\n            <br><br>\n          <\/div>\n        \n        <button class=\"button js-reload-button\" data-block-id=\"3079\" style=\"background-color: #009911\">Vtiger &#038; Brainformatik GmbH<\/button>\n      <\/div>\n\n      <\/div>\n\n  <\/div>\n","protected":false},"excerpt":{"rendered":"<p>Vorteile \/ Nachteile<\/p>\n","protected":false},"author":10,"featured_media":1051,"parent":912,"menu_order":0,"comment_status":"closed","ping_status":"closed","template":"","meta":{"footnotes":""},"class_list":["post-1408","page","type-page","status-publish","has-post-thumbnail","hentry"],"yoast_head":"<!-- This site is optimized with the Yoast SEO plugin v26.3 - https:\/\/yoast.com\/wordpress\/plugins\/seo\/ -->\n<title>Vtiger Inventory Management Module und das als CRM Open Source<\/title>\n<meta name=\"description\" content=\"Verwalten Sie ihre Produkte, Dienstleistugen, Lieferanten und vieles mehr mit dem Vtiger Open Source CRM Inventory Management Module.\" \/>\n<meta name=\"robots\" content=\"index, follow, max-snippet:-1, max-image-preview:large, max-video-preview:-1\" \/>\n<link rel=\"canonical\" href=\"https:\/\/www.crm-open-source-software.com\/vtiger\/features\/inventory\/\" \/>\n<meta property=\"og:locale\" content=\"de_DE\" \/>\n<meta property=\"og:type\" content=\"article\" \/>\n<meta property=\"og:title\" content=\"Vtiger Inventory Management Module und das als CRM Open Source\" \/>\n<meta property=\"og:description\" content=\"Verwalten Sie ihre Produkte, Dienstleistugen, Lieferanten und vieles mehr mit dem Vtiger Open Source CRM Inventory Management Module.\" \/>\n<meta property=\"og:url\" content=\"https:\/\/www.crm-open-source-software.com\/vtiger\/features\/inventory\/\" \/>\n<meta property=\"og:site_name\" content=\"COSS\" \/>\n<meta property=\"article:modified_time\" content=\"2021-04-26T14:04:56+00:00\" \/>\n<meta name=\"twitter:card\" content=\"summary_large_image\" \/>\n<meta name=\"twitter:label1\" content=\"Gesch\u00e4tzte Lesezeit\" \/>\n\t<meta name=\"twitter:data1\" content=\"2\u00a0Minuten\" \/>\n<script type=\"application\/ld+json\" class=\"yoast-schema-graph\">{\"@context\":\"https:\/\/schema.org\",\"@graph\":[{\"@type\":\"WebPage\",\"@id\":\"https:\/\/www.crm-open-source-software.com\/vtiger\/features\/inventory\/\",\"url\":\"https:\/\/www.crm-open-source-software.com\/vtiger\/features\/inventory\/\",\"name\":\"Vtiger Inventory Management Module und das als CRM Open Source\",\"isPartOf\":{\"@id\":\"https:\/\/www.crm-open-source-software.com\/vtiger\/#website\"},\"primaryImageOfPage\":{\"@id\":\"https:\/\/www.crm-open-source-software.com\/vtiger\/features\/inventory\/#primaryimage\"},\"image\":{\"@id\":\"https:\/\/www.crm-open-source-software.com\/vtiger\/features\/inventory\/#primaryimage\"},\"thumbnailUrl\":\"https:\/\/www.crm-open-source-software.com\/vtiger\/app\/uploads\/2021\/03\/Inventar.svg\",\"datePublished\":\"2021-03-29T07:26:02+00:00\",\"dateModified\":\"2021-04-26T14:04:56+00:00\",\"description\":\"Verwalten Sie ihre Produkte, Dienstleistugen, Lieferanten und vieles mehr mit dem Vtiger Open Source CRM Inventory Management Module.\",\"breadcrumb\":{\"@id\":\"https:\/\/www.crm-open-source-software.com\/vtiger\/features\/inventory\/#breadcrumb\"},\"inLanguage\":\"de\",\"potentialAction\":[{\"@type\":\"ReadAction\",\"target\":[\"https:\/\/www.crm-open-source-software.com\/vtiger\/features\/inventory\/\"]}]},{\"@type\":\"ImageObject\",\"inLanguage\":\"de\",\"@id\":\"https:\/\/www.crm-open-source-software.com\/vtiger\/features\/inventory\/#primaryimage\",\"url\":\"https:\/\/www.crm-open-source-software.com\/vtiger\/app\/uploads\/2021\/03\/Inventar.svg\",\"contentUrl\":\"https:\/\/www.crm-open-source-software.com\/vtiger\/app\/uploads\/2021\/03\/Inventar.svg\"},{\"@type\":\"BreadcrumbList\",\"@id\":\"https:\/\/www.crm-open-source-software.com\/vtiger\/features\/inventory\/#breadcrumb\",\"itemListElement\":[{\"@type\":\"ListItem\",\"position\":1,\"name\":\"Vtiger\",\"item\":\"https:\/\/www.crm-open-source-software.com\/vtiger\/\"},{\"@type\":\"ListItem\",\"position\":2,\"name\":\"Features\",\"item\":\"https:\/\/www.crm-open-source-software.com\/vtiger\/features\/\"},{\"@type\":\"ListItem\",\"position\":3,\"name\":\"Vtiger\"}]},{\"@type\":\"WebSite\",\"@id\":\"https:\/\/www.crm-open-source-software.com\/vtiger\/#website\",\"url\":\"https:\/\/www.crm-open-source-software.com\/vtiger\/\",\"name\":\"COSS\",\"description\":\"Open Source CRM Software\",\"potentialAction\":[{\"@type\":\"SearchAction\",\"target\":{\"@type\":\"EntryPoint\",\"urlTemplate\":\"https:\/\/www.crm-open-source-software.com\/vtiger\/?s={search_term_string}\"},\"query-input\":{\"@type\":\"PropertyValueSpecification\",\"valueRequired\":true,\"valueName\":\"search_term_string\"}}],\"inLanguage\":\"de\"}]}<\/script>\n<!-- \/ Yoast SEO plugin. -->","yoast_head_json":{"title":"Vtiger Inventory Management Module und das als CRM Open Source","description":"Verwalten Sie ihre Produkte, Dienstleistugen, Lieferanten und vieles mehr mit dem Vtiger Open Source CRM Inventory Management Module.","robots":{"index":"index","follow":"follow","max-snippet":"max-snippet:-1","max-image-preview":"max-image-preview:large","max-video-preview":"max-video-preview:-1"},"canonical":"https:\/\/www.crm-open-source-software.com\/vtiger\/features\/inventory\/","og_locale":"de_DE","og_type":"article","og_title":"Vtiger Inventory Management Module und das als CRM Open Source","og_description":"Verwalten Sie ihre Produkte, Dienstleistugen, Lieferanten und vieles mehr mit dem Vtiger Open Source CRM Inventory Management Module.","og_url":"https:\/\/www.crm-open-source-software.com\/vtiger\/features\/inventory\/","og_site_name":"COSS","article_modified_time":"2021-04-26T14:04:56+00:00","twitter_card":"summary_large_image","twitter_misc":{"Gesch\u00e4tzte Lesezeit":"2\u00a0Minuten"},"schema":{"@context":"https:\/\/schema.org","@graph":[{"@type":"WebPage","@id":"https:\/\/www.crm-open-source-software.com\/vtiger\/features\/inventory\/","url":"https:\/\/www.crm-open-source-software.com\/vtiger\/features\/inventory\/","name":"Vtiger Inventory Management Module und das als CRM Open Source","isPartOf":{"@id":"https:\/\/www.crm-open-source-software.com\/vtiger\/#website"},"primaryImageOfPage":{"@id":"https:\/\/www.crm-open-source-software.com\/vtiger\/features\/inventory\/#primaryimage"},"image":{"@id":"https:\/\/www.crm-open-source-software.com\/vtiger\/features\/inventory\/#primaryimage"},"thumbnailUrl":"https:\/\/www.crm-open-source-software.com\/vtiger\/app\/uploads\/2021\/03\/Inventar.svg","datePublished":"2021-03-29T07:26:02+00:00","dateModified":"2021-04-26T14:04:56+00:00","description":"Verwalten Sie ihre Produkte, Dienstleistugen, Lieferanten und vieles mehr mit dem Vtiger Open Source CRM Inventory Management Module.","breadcrumb":{"@id":"https:\/\/www.crm-open-source-software.com\/vtiger\/features\/inventory\/#breadcrumb"},"inLanguage":"de","potentialAction":[{"@type":"ReadAction","target":["https:\/\/www.crm-open-source-software.com\/vtiger\/features\/inventory\/"]}]},{"@type":"ImageObject","inLanguage":"de","@id":"https:\/\/www.crm-open-source-software.com\/vtiger\/features\/inventory\/#primaryimage","url":"https:\/\/www.crm-open-source-software.com\/vtiger\/app\/uploads\/2021\/03\/Inventar.svg","contentUrl":"https:\/\/www.crm-open-source-software.com\/vtiger\/app\/uploads\/2021\/03\/Inventar.svg"},{"@type":"BreadcrumbList","@id":"https:\/\/www.crm-open-source-software.com\/vtiger\/features\/inventory\/#breadcrumb","itemListElement":[{"@type":"ListItem","position":1,"name":"Vtiger","item":"https:\/\/www.crm-open-source-software.com\/vtiger\/"},{"@type":"ListItem","position":2,"name":"Features","item":"https:\/\/www.crm-open-source-software.com\/vtiger\/features\/"},{"@type":"ListItem","position":3,"name":"Vtiger"}]},{"@type":"WebSite","@id":"https:\/\/www.crm-open-source-software.com\/vtiger\/#website","url":"https:\/\/www.crm-open-source-software.com\/vtiger\/","name":"COSS","description":"Open Source CRM Software","potentialAction":[{"@type":"SearchAction","target":{"@type":"EntryPoint","urlTemplate":"https:\/\/www.crm-open-source-software.com\/vtiger\/?s={search_term_string}"},"query-input":{"@type":"PropertyValueSpecification","valueRequired":true,"valueName":"search_term_string"}}],"inLanguage":"de"}]}},"_links":{"self":[{"href":"https:\/\/www.crm-open-source-software.com\/vtiger\/wp-json\/wp\/v2\/pages\/1408","targetHints":{"allow":["GET"]}}],"collection":[{"href":"https:\/\/www.crm-open-source-software.com\/vtiger\/wp-json\/wp\/v2\/pages"}],"about":[{"href":"https:\/\/www.crm-open-source-software.com\/vtiger\/wp-json\/wp\/v2\/types\/page"}],"author":[{"embeddable":true,"href":"https:\/\/www.crm-open-source-software.com\/vtiger\/wp-json\/wp\/v2\/users\/10"}],"replies":[{"embeddable":true,"href":"https:\/\/www.crm-open-source-software.com\/vtiger\/wp-json\/wp\/v2\/comments?post=1408"}],"version-history":[{"count":18,"href":"https:\/\/www.crm-open-source-software.com\/vtiger\/wp-json\/wp\/v2\/pages\/1408\/revisions"}],"predecessor-version":[{"id":3037,"href":"https:\/\/www.crm-open-source-software.com\/vtiger\/wp-json\/wp\/v2\/pages\/1408\/revisions\/3037"}],"up":[{"embeddable":true,"href":"https:\/\/www.crm-open-source-software.com\/vtiger\/wp-json\/wp\/v2\/pages\/912"}],"wp:featuredmedia":[{"embeddable":true,"href":"https:\/\/www.crm-open-source-software.com\/vtiger\/wp-json\/wp\/v2\/media\/1051"}],"wp:attachment":[{"href":"https:\/\/www.crm-open-source-software.com\/vtiger\/wp-json\/wp\/v2\/media?parent=1408"}],"curies":[{"name":"wp","href":"https:\/\/api.w.org\/{rel}","templated":true}]}}